be l(13). Let m = -354 + a. What is the remainder when 223 is divided by m?
71
Let f = 5879 + -5689. What is the remainder when 3597 is divided by f?
177
Suppose -14*x = -30*x + 1104. What is the remainder when x is divided by 1?
0
Suppose 2012 = 2*k + 62. Let u be k/(-18) - (-5)/30. Calculate the remainder when -4 - (-18)/3 - (u + 0) is divided by 21.
14
Let r be 6 - 245/(-5)*1. Suppose i + r = 69. Calculate the remainder when i is divided by 3.
2
Let o(k) = 10*k - 3. Let g be o(1). Suppose -g*p + 75 = 5. What is the remainder when p is divided by ((-3)/1)/(6/(-8))?
2
Suppose 250*s = 167*s + 3818. Let x(z) = 3*z + 1. Calculate the remainder when s is divided by x(6).
8
Suppose 0 = 3*d + 2*l - 29, -6*d + 4*l = -7*d + 23. Calculate the remainder when 777/6 + (39/6 - d) is divided by 44.
41
Let z(n) be the first derivative of 7*n**2/2 - 81*n - 87. What is the remainder when z(21) is divided by 17?
15
Let u(h) be the second derivative of -h**4/12 + 3*h**3/2 + 4*h**2 - 6*h. Suppose -254 = -35*y + 761. Calculate the remainder when y is divided by u(8).
13
Let q = 164 + -158. Let y = -8 + -24. Let u = y - -41. What is the remainder when u is divided by q?
3
Suppose v - 2*c - c - 3677 = 0, -5*v + 2*c = -18346. Suppose -8*w - v + 9404 = 0. Calculate the remainder when w is divided by 16.
13
What is the remainder when (8935/10 + -7 + (-1)/2)*1 is divided by 45?
31
Suppose 0 = -5*k - 68*k + 12410. Let a(n) = 28*n**3 - 2*n**2 - 3*n + 2. What is the remainder when k is divided by a(1)?
20
Let s = 73 + -69. Suppose 2*n + 3*n = -5, -w + 6 = -s*n. What is the remainder when 7 is divided by w?
1
Let d = 0 - -9. Let h(q) = q**2 + 26*q + 49. Let n(r) = -r**2 + 3*r + 63. Let z be n(-8). What is the remainder when h(z) is divided by d?
6
Suppose -5*v + 137 = -4*a, -13*a - 15 = -8*a. Suppose 0 = -2*s - 9 + 95. Let g = -29 + s. What is the remainder when v is divided by g?
11
Let j(m) = 3*m**2 - 25*m + 93. Let i be j(18). What is the remainder when (9 - i)*1/(-2) is divided by 51?
48
Let j = -1 - -5. Calculate the remainder when 135 is divided by (j*2/(-20))/(2/(-30)).
3
What is the remainder when (-8)/(-6) + 48/(-40)*(-1180)/18 is divided by 15?
5
Let b be (-26)/(-6) + 0 - (-2)/(-6). Suppose -s + 13 - 3 = 2*d, 3*s - 10 = b*d. Calculate the remainder when 11 is divided by s.
5
Suppose 22*l = 9281 + 839. Calculate the remainder when l is divided by 105.
40
Suppose 7*z - 80 = 2*z. Let p(s) = 4*s - 73. Suppose -7*k = -9*k + 40. What is the remainder when z is divided by p(k)?
2
Suppose 3*w + 139 + 157 = 4*g, -4*w + 2*g = 408. Let n(o) = -27*o + 10. Let m be n(7). Let p = w - m. What is the remainder when p is divided by 19?
18
What is the remainder when 1*471 + (-5)/3 + 3161/327 is divided by 204?
71
Let w(z) = 3*z**2 + 8*z - 223. What is the remainder when 2572 is divided by w(8)?
31
Let g be 21/9 + (3/(-9) - 0). Suppose -2*m + 3*q + 72 = 0, -m + q + 18 = 4*q. Suppose -g*o + m = o. What is the remainder when 27 is divided by o?
7
Let n = -738 - -762. Suppose -49 - 7 = -l. Calculate the remainder when l is divided by n.
8
Suppose 5*p + 332 = 4*f, 2*p + 29 = f - 57. What is the remainder when 404 is divided by f?
14
Suppose 3*r - 5304 = -5253. What is the remainder when 1116 is divided by r?
11
Let r(o) = 4*o**3 + 3*o + 19. Let f be (-4)/14 + (-16)/(-7). Suppose 0 = -f*v - 3*v + 155. Calculate the remainder when v is divided by r(0).
12
Let j be (5 - 0) + (-5 - -3). Let y = 12 + -8. What is the remainder when 2/j + ((-40)/(-6))/2 is divided by y?
0
Suppose -4*n = 2*x - 334, -991*x - 400 = -5*n - 996*x. What is the remainder when n is divided by 56?
31
Suppose 0 = -11*h + 16*h + 4*s - 3338, -5*s + 655 = h. What is the remainder when h is divided by 71?
31
Let l(d) = -d. Let c be l(0). Let q = -21 + 88. Suppose c*j + q = j. Calculate the remainder when j is divided by 23.
21
Suppose o - 70 = -x - 20, -3*o + 44 = x. What is the remainder when x is divided by (-4)/20*(-84 - 11)?
15
Suppose -3*c = 3*l - 1158, -207*c - 752 = -2*l - 205*c. What is the remainder when 390 is divided by l?
9
Let t(b) = 14*b + 12. Suppose -2*r - 2 + 8 = 0. Let j be t(r). Suppose 6*x = j + 156. Calculate the remainder when x is divided by 9.
8
Suppose -19068 = -337*s + 6702 + 397 + 5174. Suppose -4*j + 43 + 37 = 0. What is the remainder when s is divided by j?
13
Let f = -29044 - -48823. Calculate the remainder when f is divided by 172.
171
Let h = -484 - -535. Calculate the remainder when 435 is divided by h.
27
Let z(y) = 9*y**2 + 146*y + 10. Let s be z(-16). Calculate the remainder when 14 is divided by 4/(s/(-26) + (-38)/(-247)).
2
Suppose -2*g + 0*g = 0. Suppose 3*d - 4*d + 70 = g. What is the remainder when d is divided by ((2/4)/(21/105))/(15/144)?
22
Suppose 10*f + 84358 = 228688. What is the remainder when f is divided by 12?
9
Let c = 263 + -265. What is the remainder when ((-111)/c)/((-322)/(-28) - 11) is divided by 49?
13
Suppose 165*a - 164*a + 592 = 0. Let i = -573 - a. Calculate the remainder when 2/(-3 - -1) - -133 is divided by i.
18
Let c = 12 + 3. Let t = -923 + 926. Suppose -l - 12 = -3*i + l, 7 = -i - t*l. What is the remainder when c is divided by i?
1
Let d(h) = -12*h + 160. Let k(r) = 23*r - 323. Let o(a) = -5*d(a) - 2*k(a). Calculate the remainder when o(23) is divided by 10.
8
Let n(h) = -h**3 + 3*h**2 + 2*h - 2. Let a(r) = -2*r**3 + 16*r**2 - 26*r + 13. Let p be a(6). What is the remainder when (p - -1)/(12/240) is divided by n(-2)?
12
Let w = 211 + -209. Suppose 4 = -c, s - 6 = -w*s - 3*c. What is the remainder when 81 is divided by s?
3
Let f = 153 + -124. Suppose -f*c + 84 = -27*c. What is the remainder when c is divided by 15?
12
Suppose 43*x - 875 - 6263 = 0. What is the remainder when x is divided by 1?
0
Let u = 2619 + -2332. What is the remainder when u is divided by 58?
55
Let k be -545 + 2 + 8/2. Let s = k - -368. Let g = s - -280. What is the remainder when g is divided by 28?
25
Calculate the remainder when 322 is divided by 7/((-21)/(-513)) - (-88)/(-11).
159
Let l(u) = 194*u + 2614. What is the remainder when 5059 is divided by l(-13)?
91
Let g be 270/60*(-2)/(-3). Calculate the remainder when (-5 + 0 - -6) + 1 + g is divided by 3.
2
Suppose 3 = 3*l, 3*l - 7*l + 12 = 4*p. Suppose -6 = -p*g - 4*j, -2*g + 11 = -0*g + 3*j. What is the remainder when g is divided by 9?
4
Let d(r) = r**2 - 8*r - 8. Let b be d(-13). Suppose 0 = -2*s - 3*n + b, 0 = -3*s - n + 688 - 287. What is the remainder when s is divided by 45?
44
Let o(z) = z**3 + 34*z**2 + 99*z - 6. Calculate the remainder when o(-4) is divided by 7.
1
Let n(l) = l**2 + 8*l - 67. Suppose 12*z = z + 4147. What is the remainder when z is divided by n(-15)?
35
Suppose -55*h + 1663 = 288. Calculate the remainder when -132*(-2)/((-32)/(-12)) is divided by h.
24
Let r(m) = 10*m**2 - 133*m - 432. What is the remainder when 1271 is divided by r(-4)?
231
Calculate the remainder when 1117 is divided by -4*(-9)/(-216) + 1813/42.
42
Let n(d) = 3*d + 3 + 4 - 34. Let z = -100 - -114. What is the remainder when n(z) is divided by 6?
3
Suppose 27*r = 29*r + 20. What is the remainder when 230 is divided by -1 - ((-1970)/50 + 6/r)?
35
Suppose -455 = 5*n - 5*h, 5*h - 3*h = -n - 100. Let r = -55 - n. Let x = r - 19. Calculate the remainder when x is divided by 5.
0
Let g = 25518 - 25464. What is the remainder when g is divided by 7*4*1/2?
12
Let h(q) be the first derivative of q**3/3 + 11*q**2/2 - 40*q + 81. Let j = 36 + -4. What is the remainder when j is divided by h(-15)?
12
Let i = 9166 + 567. What is the remainder when i is divided by 59?
57
Suppose -4*a + 0*o = o + 24, 4*o - 44 = 4*a. Let m(p) = -3*p**3 - 17*p**2 - 20*p - 16. What is the remainder when m(a) is divided by 17?
14
Let t = 36 + -36. Suppose -4*n + 8 = -m, t*n + 4*n = 12. Suppose 5*d - 3*b - 160 = 2*b, 0 = -5*d - m*b + 205. Calculate the remainder when d is divided by 10.
7
Let j(g) = -2*g - 1. Let w = 54 + -178. Let f = w + 169. What is the remainder when f is divided by j(-12)?
22
Let p be (3 + -2)/(-1*(-5)/15). Suppose -p*x - 2*x = -215. Suppose 7*s - x = -1. What is the remainder when 10 is divided by s?
4
Suppose -14 = 3*q + 19. Let c = q - -98. Calculate the remainder when c is divided by 10.
7
Suppose -22 + 5 = -5*x - 4*g, 0 = -3*x + 4*g + 23. Let